e prime factors of 12915.
3, 5, 7, 41
List the prime factors of 57120.
2, 3, 5, 7, 17
What are the prime factors of 17122?
2, 7, 1223
What are the prime factors of 65?
5, 13
What are the prime factors of 801?
3, 89
List the prime factors of 26564.
2, 29, 229
What are the prime factors of 731?
17, 43
List the prime factors of 6833.
6833
What are the prime factors of 3416?
2, 7, 61
What are the prime factors of 132458?
2, 103, 643
What are the prime factors of 62311?
62311
List the prime factors of 1444.
2, 19
What are the prime factors of 110482?
2, 37, 1493
What are the prime factors of 5604?
2, 3, 467
What are the prime factors of 100769?
100769
What are the prime factors of 3105?
3, 5, 23
What are the prime factors of 11803?
11, 29, 37
What are the prime factors of 633?
3, 211
List the prime factors of 40113.
3, 4457
What are the prime factors of 102?
2, 3, 17
List the prime factors of 48917.
11, 4447
What are the prime factors of 815?
5, 163
List the prime factors of 464.
2, 29
What are the prime factors of 45845?
5, 53, 173
What are the prime factors of 5800?
2, 5, 29
List the prime factors of 218.
2, 109
List the prime factors of 149.
149
What are the prime factors of 30403?
30403
List the prime factors of 19446.
2, 3, 7, 463
What are the prime factors of 1835?
5, 367
List the prime factors of 73964.
2, 11, 41
What are the prime factors of 56514?
2, 3, 9419
List the prime factors of 3063.
3, 1021
What are the prime factors of 894?
2, 3, 149
What are the prime factors of 17541?
3, 1949
List the prime factors of 30587.
73, 419
What are the prime factors of 135?
3, 5
What are the prime factors of 8081?
8081
List the prime factors of 10118.
2, 5059
What are the prime factors of 481?
13, 37
List the prime factors of 2520.
2, 3, 5, 7
List the prime factors of 2100.
2, 3, 5, 7
What are the prime factors of 19343?
23, 29
List the prime factors of 47836.
2, 11959
List the prime factors of 10188.
2, 3, 283
What are the prime factors of 4326?
2, 3, 7, 103
List the prime factors of 946.
2, 11, 43
What are the prime factors of 9019?
29, 311
List the prime factors of 1919.
19, 101
List the prime factors of 3991.
13, 307
List the prime factors of 30749.
97, 317
What are the prime factors of 57026?
2, 28513
What are the prime factors of 7033?
13, 541
What are the prime factors of 7015?
5, 23, 61
List the prime factors of 8277.
3, 31, 89
What are the prime factors of 2155?
5, 431
What are the prime factors of 28294?
2, 7, 43, 47
What are the prime factors of 559?
13, 43
List the prime factors of 1285.
5, 257
List the prime factors of 16609.
17, 977
List the prime factors of 3399.
3, 11, 103
What are the prime factors of 253?
11, 23
What are the prime factors of 2060?
2, 5, 103
List the prime factors of 168.
2, 3, 7
List the prime factors of 10043.
11, 83
List the prime factors of 14963.
13, 1151
What are the prime factors of 601?
601
What are the prime factors of 86544?
2, 3, 601
What are the prime factors of 627?
3, 11, 19
What are the prime factors of 3822?
2, 3, 7, 13
List the prime factors of 4014.
2, 3, 223
What are the prime factors of 900?
2, 3, 5
What are the prime factors of 60400?
2, 5, 151
What are the prime factors of 4775?
5, 191
What are the prime factors of 17054?
2, 8527
List the prime factors of 11883.
3, 17, 233
List the prime factors of 140598.
2, 3, 73, 107
What are the prime factors of 38252?
2, 73, 131
List the prime factors of 14119.
7, 2017
What are the prime factors of 1013?
1013
What are the prime factors of 3189?
3, 1063
List the prime factors of 320.
2, 5
List the prime factors of 2560.
2, 5
What are the prime factors of 12064?
2, 13, 29
What are the prime factors of 703?
19, 37
List the prime factors of 302.
2, 151
What are the prime factors of 817?
19, 43
What are the prime factors of 1415?
5, 283
What are the prime factors of 880?
2, 5, 11
What are the prime factors of 1122?
2, 3, 11, 17
List the prime factors of 1214.
2, 607
What are the prime factors of 12836?
2, 3209
List the prime factors of 3797.
3797
What are the prime factors of 173838?
2, 3, 7, 4139
What are the prime factors of 23720?
2, 5, 593
List the prime factors of 99975.
3, 5, 31, 43
List the prime factors of 27539.
27539
What are the prime factors of 1906?
2, 953
What are the prime factors of 21927?
3, 7309
List the prime factors of 1638.
2, 3, 7, 13
What are the prime factors of 1408?
2, 11
List the prime factors of 914.
2, 457
What are the prime factors of 2844?
2, 3, 79
What are the prime factors of 16659?
3, 617
What are the prime factors of 4646?
2, 23, 101
List the prime factors of 50951.
50951
What are the prime factors of 160?
2, 5
List the prime factors of 60665.
5, 11, 1103
What are the prime factors of 9192?
2, 3, 383
List the prime factors of 18719.
18719
What are the prime factors of 40857?
3, 13619
What are the prime factors of 1386?
2, 3, 7, 11
List the prime factors of 7725.
3, 5, 103
What are the prime factors of 2989?
7, 61
List the prime factors of 18220.
2, 5, 911
What are the prime factors of 500?
2, 5
List the prime factors of 38875.
5, 311
List the prime factors of 120590.
2, 5, 31, 389
What are the prime factors of 1774?
2, 887
List the prime factors of 1183.
7, 13
List the prime factors of 2177.
7, 311
List the prime factors of 45081.
3, 5009
What are the prime factors of 5071?
11, 461
List the prime factors of 19838.
2, 7, 13, 109
List the prime factors of 28213.
89, 317
What are the prime factors of 2557?
2557
List the prime factors of 3055.
5, 13, 47
What are the prime factors of 617?
617
What are the prime factors of 1179?
3, 131
What are the prime factors of 869?
11, 79
What are the prime factors of 142256?
2, 17, 523
List the prime factors of 27921.
3, 41, 227
List the prime factors of 36467.
36467
List the prime factors of 11221.
7, 229
What are the prime factors of 61908?
2, 3, 7, 11, 67
List the prime factors of 15606.
2, 3, 17
What are the prime factors of 9564?
2, 3, 797
List the prime factors of 10906.
2, 7, 19, 41
What are the prime factors of 18346?
2, 9173
List the prime factors of 1597.
1597
List the prime factors of 25707.
3, 11, 19, 41
What are the prime factors of 43413?
3, 29, 499
List the prime factors of 1142.
2, 571
List the prime factors of 45965.
5, 29, 317
What are the prime factors of 30221?
47, 643
List the prime factors of 550.
2, 5, 11
List the prime factors of 1006.
2, 503
What are the prime factors of 875?
5, 7
What are the prime factors of 758?
2, 379
List the prime factors of 787.
787
List the prime factors of 15028.
2, 13, 17
List the prime factors of 2944.
2, 23
What are the prime factors of 1014?
2, 3, 13
List the prime factors of 725.
5, 29
What are the prime factors of 3152?
2, 197
List the prime factors of 98445.
3, 5, 6563
What are the prime factors of 18696?
2, 3, 19, 41
What are the prime factors of 152749?
103, 1483
What are the prime factors of 6630?
2, 3, 5, 13, 17
What are the prime factors of 4084?
2, 1021
List the prime factors of 35099.
35099
List the prime factors of 1400.
2, 5, 7
What are the prime factors of 27936?
2, 3, 97
List the prime factors of 78222.
2, 3, 13037
What are the prime factors of 3231?
3, 359
What are the prime factors of 3918?
2, 3, 653
What are the prime factors of 255?
3, 5, 17
What are the prime factors of 19142?
2, 17, 563
What are the prime factors of 146?
2, 73
List the prime factors of 2700.
2, 3, 5
List the prime factors of 34578.
2, 3, 17, 113
What are the prime factors of 26241?
3, 8747
List the prime factors of 81.
3
List the prime factors of 9501.
3, 3167
List the prime factors of 3414.
2, 3, 569
What are the prime factors of 3980?
2, 5, 199
What are the prime factors of 4549?
4549
List the prime factors of 55487.
55487
List the prime factors of 1715.
5, 7
What are the prime factors of 17678?
2, 8839
List the prime factors of 19481.
7, 11, 23
What are the prime factors of 102?
2, 3, 17
List the prime factors of 67.
67
List the prime factors of 274.
2, 137
What are the prime factors of 15355?
5, 37, 83
List the prime factors of 133.
7, 19
List the prime factors of 7980.
2, 3, 5, 7, 19
What are the prime factors of 10721?
71, 151
List the prime factors of 2828.
2, 7, 101
What are the prime factors of 148622?
2, 74311
List the prime factors of 9328.
